)))/2. Let a = w - 22. Is p(a) prime?
True
Suppose 4*f = 3*r - 6169107, 6*r - 3*f + 5039326 = 17377540. Is r a composite number?
True
Suppose -26*l - 2624 = -10*l. Let o be (2/1 - 1)*47. Let v = o - l. Is v composite?
False
Let b = 1 - 41. Let h be (66/10 - 0) + b/(-100). Suppose 2*r + h*r - 333 = 0. Is r prime?
True
Suppose 4*r = -8*r - 2*r. Suppose r = 12*u + 1 - 49. Is u + (5070 - -3)*1 a composite number?
False
Let x be 999 - ((-2)/3)/(8/60). Is ((-38)/4)/((-2)/x) prime?
False
Let a = 36 + -34. Is -9094*(a + 3/6 + -4) composite?
True
Suppose 19*z + 923126 = 1454614 + 1319055. Is z a composite number?
False
Suppose 5*g - 237660 = 5*v, 0 = -213*g + 211*g - v + 95079. Is g a prime number?
False
Let g = 675 - 632. Suppose -220803 = -g*f - 23734. Is f a prime number?
True
Let s = -474187 - -1101960. Is s prime?
True
Suppose 12*o + 24*o - 11*o - 13293275 = 0. Is o a prime number?
True
Let h = -627955 - -925088. Is h a composite number?
False
Suppose 12*p - 10*p = 2551 + 2115. Is p composite?
False
Let b be (0 - 13)*1 - (-2 - 1). Is (b/6 - 1)*8808/(-32) a prime number?
False
Suppose 11*w = -19*w - 130260. Let m = w - -7103. Is m prime?
False
Suppose 2*z - 8 = -2*i, -5*i - 18 - 25 = -4*z. Let q = z + 1. Suppose -109 + 821 = q*a. Is a composite?
False
Suppose 53*x = 39*x + 333158. Is x composite?
True
Suppose -2124490 = -4*u + 2*u - 19*k, -k = 2*u - 2124346. Is u composite?
False
Let x be 118/(-12)*3*-2118. Suppose x = 26*c - 12763. Is c prime?
False
Let d(a) = -10*a**3 + a**2 - 3*a. Let m be d(4). Let g(y) = -47*y**2 + 14*y + 20. Let p be g(-3). Let b = p - m. Is b a prime number?
True
Let z = -25 + 26. Let g(d) = -1 - 230*d + 47*d + 4 - z. Is g(-1) composite?
True
Let j(p) = -7*p + 27. Let b be j(4). Is (4376 - -12) + (-3)/b a prime number?
True
Suppose 5*q = -3*w + 68, 2*q = 4*w + 3*q - 85. Suppose w*t - 1161 = 6798. Is t prime?
True
Let o be (45/12 + 4)/((-1)/(-8)). Let r = 137 - o. Let b = 176 + r. Is b prime?
True
Let i(v) = 15*v**3 + 63*v**2 - 50*v - 17. Let b be i(18). Suppose 0 = 53*m - 28*m - b. Is m a prime number?
False
Let r(f) = 42*f**2 - 5*f - 51. Suppose -12*g + 13*g - 12 = 0. Is r(g) prime?
False
Let l(f) = -498*f - 21. Let u(c) = 747*c + 32. Let v(j) = -8*l(j) - 5*u(j). Let a(m) = -4*m - 9. Let y be a(-3). Is v(y) a composite number?
True
Suppose -9*l + 1011722 + 370399 = 0. Is l composite?
True
Let g be (-1)/(-4) - (-3)/(24/46). Suppose g*y + 6145 = 7*y. Suppose 0*o = -2*o - 3*p + y, 5*o = p + 15354. Is o prime?
False
Let j(i) = -3*i**3 + 15*i**2 + 8*i + 57. Is j(-16) a composite number?
False
Let i(c) = 1116*c**3 - 4*c**2 - 7*c + 22. Is i(5) composite?
False
Let l(t) = 287*t + 3. Let z(v) = -v - 20*v**2 + 19*v**2 + 4 - 2*v. Let w be z(0). Is l(w) a composite number?
False
Let v(i) = -17*i + 120. Let t be v(-33). Suppose -2*z = p - t, -5*p + 0*p + z + 3416 = 0. Is p a prime number?
True
Let w(g) = 3*g**3 - 19*g**2 + 6*g + 23. Let o(v) = -2*v**3 + 18*v**2 - 6*v - 22. Let d(k) = -6*o(k) - 5*w(k). Is d(-10) a composite number?
False
Let s be (3/(9/(-33)))/(-1). Let z = s - 8. Suppose q - 3*g = 433, 5*g - 1339 = -z*q + 4*g. Is q a prime number?
False
Let g = 469 + -667. Suppose 18*o - 5110 = 4*o. Let t = g + o. Is t a composite number?
False
Let f = 374 - -29995. Let h = -6052 + f. Is h a composite number?
False
Suppose 46222 = 2*k + 4*c, k - 16*c + 17*c - 23114 = 0. Is k composite?
False
Let o(z) = z**3 - 7*z**2 - z + 12. Let b be o(7). Suppose b*t = -4*n + 72154, 3*n + 0*t - 3*t - 54129 = 0. Is n a prime number?
True
Let q = -98 - -103. Suppose 28 - 3 = q*c. Suppose -1109 = -3*o - 4*n, 0*n + 357 = o - c*n. Is o prime?
True
Let p(l) = 1211*l**2 - l**3 - 9*l + 4*l**3 + 4 - 1210*l**2. Let v be 15/5*(0 + 1). Is p(v) composite?
False
Let o(i) = 36880*i + 10407. Is o(11) prime?
False
Let o = 1272 - 458. Let i = 4173 - o. Is i a prime number?
True
Suppose -15*q = -72 + 12. Suppose 4*z = 2*f - 22, 3*f = 4*f + 3*z + q. Suppose -2*c + 1823 = -0*c - 3*v, -3*c - f*v = -2706. Is c a composite number?
False
Let u(b) = -66*b**3 + 18*b**2 - 11*b - 19. Let p be u(-8). Suppose 6*k - 67053 = p. Is k prime?
True
Is (-4 + 668148/18)*(-60)/(-8) a prime number?
False
Suppose -22 = -2*t - 4*j, -5*t - 78*j + 16 = -81*j. Let u be 2045*(6/(-5))/(-3). Suppose 3*x - f - u = 0, t*x - 4*f + 7*f = 1382. Is x composite?
True
Let x(p) = 251*p**3 + 4*p**2 - 3*p + 9. Is x(5) a composite number?
False
Let m be (-10)/(-5)*-1 + 0 + -3. Is 7085/19 - ((-485)/95 - m) a composite number?
False
Is 1*(2 + -257332)/(-2) composite?
True
Let a(n) = -3*n**3 - 56*n**2 + 42*n + 70. Let g be (-2)/8 - 209/44. Let f(i) = -2*i**3 - 37*i**2 + 28*i + 47. Let q(d) = g*a(d) + 7*f(d). Is q(-20) composite?
False
Let o be 1/(-3) + 11*(-12)/(-18). Is 1253 + 1 + (8 - o)*-1 composite?
True
Let f be (-1)/(-3) + 14/(-21)*5. Let h be f/8 + 550/16. Is h/14 + -2 - 16164/(-63) a composite number?
False
Is (-1 - 10862/4)/((-153)/510) a composite number?
True
Let h(x) = -6*x + 67. Let f be h(11). Is (-3 + (-15)/(-6))*(-37942)/f composite?
True
Let i be (253 - 0)*(2 + 0 - -9). Suppose -1887 = -10*s + i. Let d = s - 174. Is d a prime number?
True
Suppose 6*b = -19777 - 17501. Let c = 11360 + b. Is c composite?
False
Is (9008610/780)/((6/(-4))/(-3)) composite?
False
Let x = -1471 - 2364. Let w = -1278 - x. Is w a composite number?
False
Suppose 0 = 6*o - 11*o + 10. Let g be (12 + (-8)/(-2))/o. Is 1835 - (g/(-5) + (-24)/60) composite?
True
Let v(l) = 64*l**3 - 21*l**3 + 4597 + 2*l - 23*l**3 - 24*l**3. Is v(0) prime?
True
Let p(w) = w**3 + 7*w**2 + 4*w + 9. Let o = 17 + -24. Let a be p(o). Let c(u) = -10*u - 23. Is c(a) prime?
True
Let x = 20026 - 792. Suppose -w - 9615 = -j, x = 2*j + 10*w - 14*w. Is j composite?
False
Suppose -57*m - 230484 = -937797. Is m composite?
False
Suppose -15*v + 7*v + 251065 = -3*v. Is v a composite number?
True
Let f(y) = -y**2 + 18*y + 13. Let u be f(19). Let w be 9 + u + 1271/1. Suppose -r = 5*a - 667, 2*r - 2*a - w = 3*a. Is r a composite number?
False
Let b be -4*(55 + 1)*(-20)/16. Let a(u) = -2*u**3 + 4*u**2 - 3*u - 4. Let p be a(3). Let v = p + b. Is v a prime number?
False
Let n = -180 - -189. Is 25562*n/(-36)*-2 a prime number?
True
Let s = -10625 - 12340. Is -4*(-5 + (-11)/((-44)/s)) a composite number?
True
Let d(y) = 25*y**2 - 33*y - 4. Let z be d(26). Suppose -843 - z = -3*h. Is h a prime number?
False
Suppose -4*o - 9*c + 12*c + 1676962 = 0, 7*c - 419256 = -o. Is o composite?
True
Let n = 189 + -186. Suppose -4*j + 9003 = 5*g - 3*j, n*g = 5*j + 5413. Is g prime?
True
Let w = 153596 + 210447. Is w a composite number?
True
Let b be (5/(-10))/(((-2)/(-114216))/1). Let r = 43151 + b. Is r composite?
True
Let t be (7/(-14))/((-3)/18). Suppose -2*i - 5*c - 152 = -668, -t*c = -5*i + 1259. Is i a composite number?
True
Suppose -5*b + 28058 = -79207. Is b a prime number?
False
Suppose 55*w + 47984 = 71*w. Is w prime?
True
Let c(x) = -x**3 + 19*x**2 + 21*x - 32. Let r be c(20). Is (-2 + 8)*(-3236)/r a prime number?
False
Let s(a) = 17042*a - 7. Let o = 631 - 630. Is s(o) composite?
True
Let f = -50 + 53. Let i be 12*f/6 + -3. Suppose 4*u + 5*q = 1177, -i*q = -5*u + 1012 + 450. Is u a prime number?
True
Let w(r) = 15*r**2 - r. Let z be w(-1). Let n = -16 + z. Suppose d = -1, n = 2*v - 0*v - 5*d - 1473. Is v a composite number?
True
Suppose -15*m = 5*m - 180. Let p = 34 + m. Suppose p*j = 38*j + 4045. Is j prime?
True
Let l(z) = 2 + 6 + 5*z + 0 + 50*z. Let g be l(5). Suppose -2*v + 5*h = -g, -v - 2*h = h - 114. Is v composite?
True
Let b(v) = 2513*v**2 + 3*v + 3. Suppose 20 = -5*t - 5*s, 4*s - 3*s = 4*t + 1. Is b(t) prime?
False
Let o(f) = 1156*f - 10587. Is o(79) prime?
True
Let p(q) = 7372*q**2 + q - 1. Let f be p(1). Suppose -8*c + f = -17884. Let t = c + -1808. Is t a prime number?
False
Suppose -81*h - 617776 = -82*h - l, -6 = 2*l. Is h a prime number?
False
Let j be (-16)/(-12)*-3 + 2. Let c be (-17 + 17)*(-1)/j. Suppose l + l - 1474 = c. Is l composite?
True
Suppose -124992 = 3*z + 59*z. Suppose 0 = -6*h + 4*h - u - 5977, -h - 2993 = -u. Let a = z - h. Is a a prime number?
False
Let q = 17 + -21. Let o be -140*q/16*-4. Is ((-838)/(-8))/((-7)/o) a prime number?
False
Let f = 19068 - -31639. Is f a prime number?
True
Suppose 0 = 5*c + 20, -93*u + 91*u = -4*c - 41230. 